/60 - m**4/8 + 2*m**3 + 268*m**2 + 3. Determine q(-8).
-28
Let a(j) = -3*j + 12. Let z(w) = -13*w + 49. Let l(d) = -18*a(d) + 4*z(d). Let y be l(7). Let p(i) = -4 - 102*i + 101*i + 7. Calculate p(y).
9
Let y(b) be the second derivative of -65*b + 0 + 1/2*b**2 - 4/3*b**3. Give y(3).
-23
Suppose 0 = -5*u - 10, 0 = -3*m - 5*u + 163 + 328. Let t = 89 - m. Let z = t + 74. Let y(x) = -x**3 - 3*x**2 - 2*x + 1. Give y(z).
25
Let h(r) = -r - 2. Let f(l) = -2*l**2 - 6*l - l - 3*l**2 + 3*l**2 - 2*l**2 + 5 + l**3. Let a be f(5). Give h(a).
3
Let o(b) = b**3 + 3*b**2 - 5*b + 1. Let k be o(-4). Let u(t) = 19*t + 319. Let g(r) = 5*r + 85. Let j(a) = -15*g(a) + 4*u(a). Calculate j(k).
6
Let y(l) be the first derivative of 2*l**3/3 + l**2/2 - l + 148. Let z(a) = 11*a**2 + 14*a - 7. Let i(k) = 6*y(k) - z(k). Give i(7).
-6
Let b(g) be the second derivative of -g**5/20 - 5*g**4/12 - 2*g**3/3 - g**2 - 981*g - 5. Suppose 9*f - 16 = 13*f. Give b(f).
-2
Let u(p) = 5*p**3 - p**3 - 6*p**3 + 6*p**2 + 10 - 3*p**2 - 11 - p. Determine u(2).
-7
Let q(g) = -13*g + 69. Suppose -24 = 14*d - 108. Let m be q(d). Let z(r) = -3*r - 21. Calculate z(m).
6
Let g(i) = 0*i - i - 3*i - 48. Let s be g(-12). Let c(x) = -x. Let z(h) = -5*h + 20. Let n(f) = 6*c(f) - z(f). Give n(s).
-20
Let l(f) = f**3 - f**2 + 6. Let i(q) = -15*q**3 + 6*q**2 - 4*q - 31. Let u(y) = i(y) + 5*l(y). Give u(-2).
91
Let k(r) = -22*r + 1. Let v(m) = 58*m + 53. Let d be v(-1). Let l(i) = -13*i. Let s(p) = d*l(p) + 3*k(p). Calculate s(5).
-2
Suppose -5*a + 27 = 2*s, 2*a - a - 1 = 4*s. Let n(v) = 12*v**2 - 9*v - 13. Let y(t) = 19*t**2 - 14*t - 20. Let m(w) = a*y(w) - 8*n(w). Determine m(3).
1
Let f be -1*(-8)/4*(-20)/8. Let g = 68 + -64. Let o(w) = -5 - 2*w - 2*w - 6*w**2 - 3*w**3 - g*w + 2*w**3. Calculate o(f).
10
Let f(n) = 6*n + 4. Suppose 0 = -15*h + 140 - 35. Suppose 10*o - 15*o = 4*g - h, 5 = -5*o. Suppose -g*w = -12*w - 27. What is f(w)?
-14
Let y be (3 + -2)/(10/(-110)) + 20. Let i(h) = -h**3 + 10*h**2 - 14*h + 4. Calculate i(y).
-41
Let v(a) = -3*a. Let x(w) = -11*w + 3. Let y(u) = 5*v(u) - x(u). Let z(k) = k - 1. Let f(b) = -y(b) - z(b). What is f(-3)?
-5
Let d(q) = -7*q**2 - 5 - 3*q - 44*q**3 + 43*q**3 + 2 + q + q**2. What is d(-5)?
-18
Let d(w) be the second derivative of -w**3/3 - 5*w**2 - 3*w + 189. What is d(15)?
-40
Let c(y) be the third derivative of 5*y**4/24 + 68*y**3/3 - 14171*y**2. Determine c(-25).
11
Let p(a) be the second derivative of -a**4/12 - 7*a**3/6 + 3*a**2/2 + 1079*a. Suppose 5*r - 50 = 5. Let y(h) = -h**2 + 10*h + 3. Let g be y(r). Calculate p(g).
-5
Let s be ((-9)/(-3) - (-4 - -6))*2. Let n be (3/3 - 0) + s. Suppose -2*d + p = 7, -n*d - d - p = -1. Let f(x) = -23*x**3 + x. Determine f(d).
22
Let i(z) = 14*z + 2. Let s(r) = -7*r + 1 - 2 - 2*r. Let y(h) = 5*i(h) + 8*s(h). Suppose j + 20 = -2*w + 26, -5*j = -w - 8. Calculate y(j).
-2
Let w(h) = h**3 + 2*h**2 - 12*h - 7. Let r(s) = -s**3 + 61*s**2 + 4924*s - 219. Let x be r(107). Give w(x).
-22
Let n(f) = 1. Let l(c) = -c**2 - c - 5. Let z(r) = -l(r) - 6*n(r). Suppose -34*a = -41*a + 28. Suppose -p + a*m - m = 4, -4*p + 3*m + 2 = 0. Determine z(p).
5
Let k(g) be the first derivative of g**4/4 - 4*g**3 + 11*g**2/2 + 2*g - 125. Let q = -664 + 675. Calculate k(q).
2
Let j be -5 + 20/(-14) + (-676)/1183. Let i(l) = -l**2 - 19*l - 14. Give i(j).
70
Suppose -38 = -5*u + 3*g, 10*u - 5*g - 33 = 6*u. Suppose -u*l = -17 + 3. Let i(k) = 3 - 4*k + 2*k - 2*k**2 + k**2. Determine i(l).
-5
Let i = 6632 + -6636. Let g(f) be the third derivative of f**7/5040 - f**6/240 - f**5/20 - 3*f**2. Let n(x) be the third derivative of g(x). Calculate n(i).
-7
Let w(g) = -g**2 + 4*g + 122. Let o be w(-8). Let z(m) = 3*m - 69. Give z(o).
9
Let p(f) be the third derivative of -1/6*f**3 - 3/40*f**6 - 1/24*f**4 + 1/60*f**5 + 16*f**2 + 0 + 0*f. What is p(-1)?
10
Let i(g) = -12 + 4 - 4 - 8*g - g**2. Suppose -t = -5*y - 666 + 628, -5*y - 14 = 2*t. Give i(y).
0
Let u = -424 + 426. Let s(f) = 2 - 1 + f + 2*f**u - 3 + 3. Give s(3).
22
Let x be (155/(-20) + 1)/((-6)/40). Suppose 36 = w - 17*i + 12*i, x = 5*w + 2*i. Let p(u) = -3*u**2 + 34*u - 11. Give p(w).
0
Suppose -4*x = 5*t - 26, -t + 4*x - 5 = -15. Let h(f) = f**2 - 2*f - 5. What is h(t)?
19
Suppose -5*f + 0*f + 27 = -l, 3*f - 4*l - 23 = 0. Let m(i) = 6*i**2 - 2*i - f*i**2 - 532 + 532. Calculate m(5).
15
Let o(v) be the third derivative of 7*v**4/24 + v**3/2 + 333*v**2. Calculate o(7).
52
Let r(g) = g + 5. Let w = -1424 - -1415. Determine r(w).
-4
Let p(g) = g**2 - g - 1. Let l(y) = -y**3 + y**2 - 2*y - 9. Let n(d) = l(d) - p(d). Suppose 0 = 6*v - 3*v. Determine n(v).
-8
Let o(t) = t**3 + 2*t**2 + 1. Let k(f) = -5*f + 109. Let r be k(22). Let x be (-9 + 15)/(-2 - (r - -1)). Determine o(x).
-8
Let q(z) = 7*z**3 - 4*z**2 + 5*z - 8. Let f(a) = 2287*a**2 + 9*a - 15 + 14*a**3 - 2*a**3 - 2296*a**2. Let c(h) = -3*f(h) + 5*q(h). Give c(6).
29
Let y(p) = 9*p - 10. Suppose -11*b - 141 = -207. Calculate y(b).
44
Let m(d) = 4*d - 62. Let p(s) = s**3 + 18*s**2 + 64*s + 3. Let b be p(-13). What is m(b)?
2
Let q(j) = j**2 + j - 8. Let t(d) = d - 3. Let s be t(6). Let c = -138 + 141. Suppose -3*f + c = s*l, 1 = 5*f + 4*l - 3. What is q(f)?
-8
Let d(l) = 15*l - 6. Let o(g) = -7*g + 3. Let r(n) = -2*d(n) - 5*o(n). Let h = 49794 + -49792. Calculate r(h).
7
Let q(u) be the first derivative of -u**4/4 - 3*u**3 - u**2 - 2*u - 1222. Determine q(-9).
16
Let j(g) = g**3 + 16*g**2 + 14*g + 24. Let t be ((-1)/(6/90))/(-1 + 2). Determine j(t).
39
Let t be (((-10)/(-4))/(-1))/((-6)/12). Suppose 0 = -3*u + 4*q + t, -2*u - 23*q - 20 = -21*q. Let a(j) = j**3 + 4*j**2 - 4*j - 1. What is a(u)?
-6
Let m(i) = i**3 - i**2. Let g(x) = -8*x**3 - 6*x**2 + 3*x + 25. Let s(w) = g(w) + 6*m(w). What is s(-6)?
7
Let k(i) = i**2 + 12*i - 83. Suppose 0 = 8*j + 34*w - 30*w + 116, w = -j - 12. What is k(j)?
2
Let s(t) be the third derivative of -t**6/120 + 2*t**5/15 - t**4/4 + 8*t**3/3 + 2459*t**2. What is s(6)?
52
Let p(j) = -2550*j**2 + 1244*j**2 + 5*j + 1313*j**2 + j**3 - 2. Calculate p(-6).
4
Let w = -1 + 2. Let q(m) be the first derivative of -3*m**4 + m**3/3 - 2286. Calculate q(w).
-11
Let g = 8314 - 8319. Let p(n) = -11*n - 46. Give p(g).
9
Let a(u) = -34*u**2 - 15. Let g(c) = 29*c**2 + 14. Let d(h) = 6*a(h) + 7*g(h). What is d(4)?
-8
Suppose -4*y - 1566 = -q, -2*q - 4*y + 1558 = -q. Let c(o) = -1556*o**3 - 2 + 4 + q*o**3 + 2*o**2 + o. Calculate c(-2).
-40
Let i = -3 - -7. Let q(y) = 8*y**3 - 4*y**2 + 3*y - 2. Let k be q(1). Let a(u) = 6 + k - 2 - u - 8. Give a(i).
-3
Suppose -11*n - 13 = -12*n. Suppose n*w - 18*w = -20. Suppose -8*r + w*r = -r. Let u(c) = c - 7. Calculate u(r).
-7
Suppose 4*b = -3*x + 13, -x + 5*b - 2*b = 0. Suppose -x*t - 9 - 8 = -s, 3*s + 2*t - 18 = 0. Let l(z) = z**2 - 7*z - 12. Calculate l(s).
-4
Let t(x) = -x**3 - 6*x**2 - 7*x - 6. Suppose 8*i = 14*i - 906. Let l = 146 - i. Give t(l).
4
Suppose -398 = d - 406. Let y be 4/(-6)*-9 - d. Let g(q) = -3*q**3 - 2*q**2 - q + 1. Give g(y).
19
Let l(i) = i**2 + 8*i - 3. Let q(g) = 4*g**2 - 32*g - 8. Let u = -267 - -275. Let y be q(u). Determine l(y).
-3
Let x(u) = 2 + 10*u - 14653*u**2 - 26 + 14655*u**2. Calculate x(-6).
-12
Let n(c) = 2*c**3 - 3*c**2 - 17*c. Let s be n(4). Let v(f) = f**3 - 10*f**2 - 24*f - 1. What is v(s)?
-1
Let x(o) = -o**2 + o - 8. Let r = -95 + 100. Suppose -t - r*d + 10 = 0, 4*t + 0 = -2*d + 4. Calculate x(t).
-8
Suppose -2*m = 2*o - 20, 4*m = -m - 4*o + 50. Let f(h) = -m*h**2 + 14*h**2 - 4*h + 8 - 6*h**3 + 7*h**3. Determine f(-5).
3
Let s(w) = 3*w**2 + 34*w + 20. Let h be s(-11). Let v(r) = -9*r + 26 + h*r**3 - 26 + 8*r. Calculate v(-1).
-8
Let w(r) = -4*r**2 - 8*r - 6. Let i(m) = -3*m**2 - 9*m - 3. Let s(j) = 3*i(j) - 2*w(j). Give s(-10).
13
Let g = 42 - 39. Let q(j) = 3*j**2 + 10 + 87*j - 83*j + j**g - 27 + 5*j**2. What is q(-7)?
4
Let l(k) = k**2 - 1. Suppose 0 = 6*u - 17*u + 198. Let f be 10121/261 - (8/u)/(-2). Suppose -4*s + 55 = f. Give l(s).
15
Let w(g) = 4*g**2 + 42*g + 67. Let a be w(-9). Let r(t) be the first derivative of -a*t - 1/3*t**3 + 11/2*t**2 - 16. Determine r(9).
5
Let t be (-1 - 9)/(13 + -15). Let z(h) = -4*h - t*h - 3*h + 18*h. Calculate z(1).
6
Let y(u) = -u**2 + 8*u - 2 + 11 + 1. Let r be y(9). Let z(g) = 605*g - 385. Let n(x) = -47*x + 30. Let i